{"id":725,"date":"2021-07-13T23:33:25","date_gmt":"2021-07-13T23:33:25","guid":{"rendered":"http:\/\/pojam.org\/?page_id=725"},"modified":"2021-12-17T08:07:42","modified_gmt":"2021-12-17T08:07:42","slug":"clanak-primjer","status":"publish","type":"page","link":"https:\/\/pojam.org\/?page_id=725","title":{"rendered":"POZIV ZA KREIRANJE SADR\u017dAJA NA REGIONALNOJ PLATFORMI pojam.org"},"content":{"rendered":"\n<p>Upu\u0107en_a si u aktualne dru\u0161tveno-politi\u010dke probleme na globalnoj, regionalnoj ili lokalnoj razini? \u017deli\u0161 podijeliti svoje aktivisti\u010dko iskustvo s mladima iz regije? Ima\u0161 znanja koja bi htio\/ htjela prenijeti generacijama koje dolaze?<\/p>\n\n\n\n<p>Ako je odgovor makar na jedno od ovih pitanja \u201cDa!\u201d imamo prijedlog za tebe!<\/p>\n\n\n\n<p>Pozivamo te da svoje znanje, iskustvo i interese preto\u010di\u0161 u tekst koji \u0107emo objaviti na stranici pojam.org!<\/p>\n\n\n\n<p><strong>\u0160to je pojam.org?<\/strong><\/p>\n\n\n\n<p>pojam.org je platforma u nastajanju koja za svrhu ima ponuditi mladim aktivistima i aktivisticama iz regije priliku za umre\u017eavanja, dijeljenje znanja i iskustava te educiranje o aktualnim temama iz podru\u010dja ljudskih prava, gra\u0111anskog aktivizma i politi\u010dke pismenosti. Ono \u0161to pojam.org \u010dini razli\u010ditim od drugih platformi je \u010dinjenica da sav sadr\u017eaj kreirate vi! Osim va\u0161ih tekstova, pojam.org sadr\u017eavat \u0107e dodatne interaktivne sadr\u017eaje poput priru\u010dnika, vodi\u010da i simulacije procesa dono\u0161enja odluka, te popisa organizacija civilnog dru\u0161tva iz regije u \u010diji rad se mo\u017eete uklju\u010diti i unaprijediti svoje aktivisti\u010dko djelovanje!<\/p>\n\n\n\n<p><strong>Kako tekst treba izgledati?<\/strong><\/p>\n\n\n\n<p>Forma: autorski \u010dlanak ili intervju ili kratki video&nbsp;<\/p>\n\n\n\n<p>Opseg: tekst: 500 rije\u010di (optimalno); video: 3 minute (optimalno)<\/p>\n\n\n\n<p>Okvirna tema:&nbsp; Temu vam ne\u0107emo odre\u0111ivati jer upravo vi najbolje znate \u0161to trenuta\u010dno zanima i brine mlade! Ljudska prava, tranzicijska pravda, regionalna suradnja i proces pomirenja, klimatska pravda, vr\u0161nja\u010dko nasilje, feminizam, studentska prava i studentski aktivizam samo su neke od tema koje mo\u017eete pokriti svojim tekstovima i\/ili videima.&nbsp;<\/p>\n\n\n\n<p>\u017delimo vam dati priliku da iz perspektive svoje generacije govorite o temama koje vas se ti\u010du!<\/p>\n\n\n\n<p>Jezik: hrvatski, srpski i slovenski<\/p>\n\n\n\n<p>U nastavku pro\u010ditaj \u010dlanke na\u0161e aktivistice na temu klimatske krize koji ti mo\u017ee poslu\u017eiti kao primjer ili inspiracija!<\/p>\n\n\n\n<p><a href=\"https:\/\/pojam.org\/?p=517\">https:\/\/pojam.org\/?p=517<\/a><\/p>\n\n\n\n<p><strong>\u0160to nudimo?<\/strong><\/p>\n\n\n\n<p>Nudimo ti priliku da usavr\u0161i\u0161 vje\u0161tinu pismenog reproduciranja znanja i iskustva kao i mogu\u0107nost regionalnog umre\u017eavanja s mladim aktivistima_icama iz regije!<\/p>\n\n\n\n<p>Ne brini ako u ovom momentu nisi siguran \/ sigurna kako formulirati temu o kojoj \u017eeli\u0161 pisati. Javi nam se i pomo\u0107i \u0107emo ti da svoje znanje i iskustvo prenese\u0161 vr\u0161njacima iz regije.<\/p>\n\n\n\n<p><strong>Kome je namijenjen poziv?<\/strong><\/p>\n\n\n\n<p>Ima\u0161 izme\u0111u 18 i 30 godina<\/p>\n\n\n\n<p>Interesiraju te teme iz podru\u010dja ljudskih prava, regionalne suradnje, studentskih prava, aktivnog gra\u0111anstva i drugih srodnih tema<\/p>\n\n\n\n<p>Ima\u0161 razvijene vje\u0161tine pismenog izra\u017eavanja ili ih \u017eeli\u0161 dodatno razviti<\/p>\n\n\n\n<p><strong>Kako se prijaviti?<\/strong><\/p>\n\n\n\n<p>Ako ti sve ovo zvu\u010di interesantno, popuni obrazac u nastavku i kontaktirat \u0107emo te kroz tjedan dana.<\/p>\n\n\n\n<p>Obrazac:<\/p>\n\n\n\n<p><a href=\"https:\/\/forms.gle\/TbacighDFgFiiqkA9\">https:\/\/forms.gle\/TbacighDFgFiiqkA9<\/a><\/p>\n\n\n\n<p><strong>O projektu<\/strong><\/p>\n\n\n\n<p><em>Ova aktivnost dio je projekta POJAM \u2013 Partnerstvo za odr\u017eivo ja\u010danje aktivizma mladih. Projekt se provodi u okviru programa Erasmus+ Klju\u010dna aktivnost 2: Strate\u0161ka partnerstva u podru\u010dju mladih. Cilj projekta je oja\u010dati ulogu mladih u direktnom utjecaju na politike koje se na njih odnose, kao i omogu\u0107iti im razvoj cjelo\u017eivotnih vje\u0161tina koje \u0107e im olak\u0161ati odgovorno i aktivno sudjelovanje u dru\u0161tvu i motivirati ih za razvoj vlastitih projekata i inicijativa. Projekt provode Inicijativa mladih za ljudska prava (Hrvatska), Gong (Hvatska), Omladinski centar CK13 (Srbija) i Danes je nov dan (Slovenija).<\/em><\/p>\n\n\n\n<figure class=\"wp-block-image size-full\"><img loading=\"lazy\" decoding=\"async\" width=\"717\" height=\"118\" src=\"https:\/\/pojam.org\/wp-content\/uploads\/2021\/11\/Screenshot_10.png\" alt=\"\" class=\"wp-image-1064\" srcset=\"https:\/\/pojam.org\/wp-content\/uploads\/2021\/11\/Screenshot_10.png 717w, https:\/\/pojam.org\/wp-content\/uploads\/2021\/11\/Screenshot_10-300x49.png 300w\" sizes=\"auto, (max-width: 717px) 100vw, 717px\" \/><\/figure>\n","protected":false},"excerpt":{"rendered":"<p>Upu\u0107en_a si u aktualne dru\u0161tveno-politi\u010dke probleme na globalnoj, regionalnoj ili lokalnoj razini? \u017deli\u0161 podijeliti svoje aktivisti\u010dko iskustvo s mladima iz regije? Ima\u0161 znanja koja bi htio\/ htjela prenijeti generacijama koje dolaze? Ako je odgovor makar na jedno od ovih pitanja \u201cDa!\u201d imamo prijedlog za tebe! Pozivamo te da svoje znanje, iskustvo i interese preto\u010di\u0161 u [&hellip;]<\/p>\n","protected":false},"author":1,"featured_media":0,"parent":443,"menu_order":0,"comment_status":"closed","ping_status":"closed","template":"","meta":{"_uag_custom_page_level_css":"","footnotes":""},"class_list":["post-725","page","type-page","status-publish","hentry"],"uagb_featured_image_src":{"full":false,"thumbnail":false,"medium":false,"medium_large":false,"large":false,"1536x1536":false,"2048x2048":false,"post-thumbnail":false,"twentytwenty-fullscreen":false},"uagb_author_info":{"display_name":"admin","author_link":"https:\/\/pojam.org\/?author=1"},"uagb_comment_info":0,"uagb_excerpt":"Upu\u0107en_a si u aktualne dru\u0161tveno-politi\u010dke probleme na globalnoj, regionalnoj ili lokalnoj razini? \u017deli\u0161 podijeliti svoje aktivisti\u010dko iskustvo s mladima iz regije? Ima\u0161 znanja koja bi htio\/ htjela prenijeti generacijama koje dolaze? Ako je odgovor makar na jedno od ovih pitanja \u201cDa!\u201d imamo prijedlog za tebe! Pozivamo te da svoje znanje, iskustvo i interese preto\u010di\u0161 u&hellip;","_links":{"self":[{"href":"https:\/\/pojam.org\/index.php?rest_route=\/wp\/v2\/pages\/725","targetHints":{"allow":["GET"]}}],"collection":[{"href":"https:\/\/pojam.org\/index.php?rest_route=\/wp\/v2\/pages"}],"about":[{"href":"https:\/\/pojam.org\/index.php?rest_route=\/wp\/v2\/types\/page"}],"author":[{"embeddable":true,"href":"https:\/\/pojam.org\/index.php?rest_route=\/wp\/v2\/users\/1"}],"replies":[{"embeddable":true,"href":"https:\/\/pojam.org\/index.php?rest_route=%2Fwp%2Fv2%2Fcomments&post=725"}],"version-history":[{"count":9,"href":"https:\/\/pojam.org\/index.php?rest_route=\/wp\/v2\/pages\/725\/revisions"}],"predecessor-version":[{"id":1225,"href":"https:\/\/pojam.org\/index.php?rest_route=\/wp\/v2\/pages\/725\/revisions\/1225"}],"up":[{"embeddable":true,"href":"https:\/\/pojam.org\/index.php?rest_route=\/wp\/v2\/pages\/443"}],"wp:attachment":[{"href":"https:\/\/pojam.org\/index.php?rest_route=%2Fwp%2Fv2%2Fmedia&parent=725"}],"curies":[{"name":"wp","href":"https:\/\/api.w.org\/{rel}","templated":true}]}}

POZIV ZA KREIRANJE SADRŽAJA NA REGIONALNOJ PLATFORMI pojam.org

<p>Upućen_a si u aktualne društveno-političke probleme na globalnoj, regionalnoj ili lokalnoj razini? Želiš podijeliti svoje aktivističko iskustvo s mladima iz regije? Imaš znanja koja bi htio/ htjela prenijeti generacijama koje dolaze?</p>



<p>Ako je odgovor makar na jedno od ovih pitanja “Da!” imamo prijedlog za tebe!</p>



<p>Pozivamo te da svoje znanje, iskustvo i interese pretočiš u tekst koji ćemo objaviti na stranici pojam.org!</p>



<p><strong>Što je pojam.org?</strong></p>



<p>pojam.org je platforma u nastajanju koja za svrhu ima ponuditi mladim aktivistima i aktivisticama iz regije priliku za umrežavanja, dijeljenje znanja i iskustava te educiranje o aktualnim temama iz područja ljudskih prava, građanskog aktivizma i političke pismenosti. Ono što pojam.org čini različitim od drugih platformi je činjenica da sav sadržaj kreirate vi! Osim vaših tekstova, pojam.org sadržavat će dodatne interaktivne sadržaje poput priručnika, vodiča i simulacije procesa donošenja odluka, te popisa organizacija civilnog društva iz regije u čiji rad se možete uključiti i unaprijediti svoje aktivističko djelovanje!</p>



<p><strong>Kako tekst treba izgledati?</strong></p>



<p>Forma: autorski članak ili intervju ili kratki video&nbsp;</p>



<p>Opseg: tekst: 500 riječi (optimalno); video: 3 minute (optimalno)</p>



<p>Okvirna tema:&nbsp; Temu vam nećemo određivati jer upravo vi najbolje znate što trenutačno zanima i brine mlade! Ljudska prava, tranzicijska pravda, regionalna suradnja i proces pomirenja, klimatska pravda, vršnjačko nasilje, feminizam, studentska prava i studentski aktivizam samo su neke od tema koje možete pokriti svojim tekstovima i/ili videima.&nbsp;</p>



<p>Želimo vam dati priliku da iz perspektive svoje generacije govorite o temama koje vas se tiču!</p>



<p>Jezik: hrvatski, srpski i slovenski</p>



<p>U nastavku pročitaj članke naše aktivistice na temu klimatske krize koji ti može poslužiti kao primjer ili inspiracija!</p>



<p><a href="https://pojam.org/?p=517">https://pojam.org/?p=517</a></p>



<p><strong>Što nudimo?</strong></p>



<p>Nudimo ti priliku da usavršiš vještinu pismenog reproduciranja znanja i iskustva kao i mogućnost regionalnog umrežavanja s mladim aktivistima_icama iz regije!</p>



<p>Ne brini ako u ovom momentu nisi siguran / sigurna kako formulirati temu o kojoj želiš pisati. Javi nam se i pomoći ćemo ti da svoje znanje i iskustvo preneseš vršnjacima iz regije.</p>



<p><strong>Kome je namijenjen poziv?</strong></p>



<p>Imaš između 18 i 30 godina</p>



<p>Interesiraju te teme iz područja ljudskih prava, regionalne suradnje, studentskih prava, aktivnog građanstva i drugih srodnih tema</p>



<p>Imaš razvijene vještine pismenog izražavanja ili ih želiš dodatno razviti</p>



<p><strong>Kako se prijaviti?</strong></p>



<p>Ako ti sve ovo zvuči interesantno, popuni obrazac u nastavku i kontaktirat ćemo te kroz tjedan dana.</p>



<p>Obrazac:</p>



<p><a href="https://forms.gle/TbacighDFgFiiqkA9">https://forms.gle/TbacighDFgFiiqkA9</a></p>



<p><strong>O projektu</strong></p>



<p><em>Ova aktivnost dio je projekta POJAM – Partnerstvo za održivo jačanje aktivizma mladih. Projekt se provodi u okviru programa Erasmus+ Ključna aktivnost 2: Strateška partnerstva u području mladih. Cilj projekta je ojačati ulogu mladih u direktnom utjecaju na politike koje se na njih odnose, kao i omogućiti im razvoj cjeloživotnih vještina koje će im olakšati odgovorno i aktivno sudjelovanje u društvu i motivirati ih za razvoj vlastitih projekata i inicijativa. Projekt provode Inicijativa mladih za ljudska prava (Hrvatska), Gong (Hvatska), Omladinski centar CK13 (Srbija) i Danes je nov dan (Slovenija).</em></p>



<figure class="wp-block-image size-full"><img loading="lazy" decoding="async" width="717" height="118" src="https://pojam.org/wp-content/uploads/2021/11/Screenshot_10.png" alt="" class="wp-image-1064" srcset="https://pojam.org/wp-content/uploads/2021/11/Screenshot_10.png 717w, https://pojam.org/wp-content/uploads/2021/11/Screenshot_10-300x49.png 300w" sizes="auto, (max-width: 717px) 100vw, 717px" /></figure>

<p>Upućen_a si u aktualne društveno-političke probleme na globalnoj, regionalnoj ili lokalnoj razini? Želiš podijeliti svoje aktivističko iskustvo s mladima iz regije? Imaš znanja koja bi htio/ htjela prenijeti generacijama koje dolaze? Ako je odgovor makar na jedno od ovih pitanja “Da!” imamo prijedlog za tebe! Pozivamo te da svoje znanje, iskustvo i interese pretočiš u [&hellip;]</p>

Upućen_a si u aktualne društveno-političke probleme na globalnoj, regionalnoj ili lokalnoj razini? Želiš podijeliti svoje aktivističko iskustvo s mladima iz regije? Imaš znanja koja bi htio/ htjela prenijeti generacijama koje dolaze? Ako je odgovor makar na jedno od ovih pitanja “Da!” imamo prijedlog za tebe! Pozivamo te da svoje znanje, iskustvo i interese pretočiš u&hellip;
